it of 96019?
9
What is the thousands digit of 484086?
4
What is the ten thousands digit of 23941575?
4
What is the ten thousands digit of 2872323?
7
What is the hundred thousands digit of 1688769?
6
What is the thousands digit of 14473811?
3
What is the thousands digit of 421427?
1
What is the hundred thousands digit of 14671914?
6
What is the millions digit of 2945978?
2
What is the units digit of 226578?
8
What is the millions digit of 2226012?
2
What is the ten thousands digit of 14373?
1
What is the ten thousands digit of 1918787?
1
What is the units digit of 228660?
0
What is the hundred thousands digit of 3967812?
9
What is the hundreds digit of 10409902?
9
What is the tens digit of 371413?
1
What is the hundred thousands digit of 31797909?
7
What is the ten thousands digit of 285228?
8
What is the units digit of 7722185?
5
What is the hundreds digit of 157481?
4
What is the units digit of 4533669?
9
What is the hundreds digit of 518525?
5
What is the hundred thousands digit of 31941496?
9
What is the hundred thousands digit of 6851037?
8
What is the units digit of 1000464?
4
What is the hundred thousands digit of 136208?
1
What is the units digit of 38300701?
1
What is the thousands digit of 7389990?
9
What is the units digit of 304170?
0
What is the units digit of 47002?
2
What is the units digit of 207067?
7
What is the hundred thousands digit of 1288889?
2
What is the tens digit of 2529882?
8
What is the ten thousands digit of 54040?
5
What is the hundreds digit of 395082?
0
What is the units digit of 536789?
9
What is the thousands digit of 144860?
4
What is the millions digit of 1821023?
1
What is the ten thousands digit of 578221?
7
What is the ten thousands digit of 55695?
5
What is the tens digit of 2513511?
1
What is the units digit of 4837894?
4
What is the millions digit of 1263799?
1
What is the thousands digit of 2900408?
0
What is the ten thousands digit of 90953?
9
What is the thousands digit of 36347?
6
What is the hundreds digit of 8705785?
7
What is the hundreds digit of 541297?
2
What is the hundred thousands digit of 2371773?
3
What is the hundred thousands digit of 3133570?
1
What is the hundreds digit of 955069?
0
What is the ten millions digit of 15239689?
1
What is the millions digit of 2079798?
2
What is the hundreds digit of 801567?
5
What is the tens digit of 2328617?
1
What is the hundred thousands digit of 113671?
1
What is the tens digit of 34402371?
7
What is the thousands digit of 6358?
6
What is the ten thousands digit of 932603?
3
What is the tens digit of 100569?
6
What is the thousands digit of 896293?
6
What is the units digit of 2840210?
0
What is the thousands digit of 876744?
6
What is the hundred thousands digit of 944027?
9
What is the hundred thousands digit of 6605886?
6
What is the tens digit of 927135?
3
What is the ten thousands digit of 959575?
5
What is the ten thousands digit of 405205?
0
What is the tens digit of 3844989?
8
What is the ten thousands digit of 324170?
2
What is the ten thousands digit of 410701?
1
What is the units digit of 28973876?
6
What is the tens digit of 96254?
5
What is the millions digit of 10806976?
0
What is the ten thousands digit of 1089907?
8
What is the hundreds digit of 42359901?
9
What is the ten thousands digit of 63298?
6
What is the millions digit of 16341955?
6
What is the hundred thousands digit of 22144818?
1
What is the hundred thousands digit of 114532?
1
What is the millions digit of 1105755?
1
What is the ten thousands digit of 4647217?
4
What is the thousands digit of 1124598?
4
What is the millions digit of 16548349?
6
What is the units digit of 177195?
5
What is the ten thousands digit of 255575?
5
What is the thousands digit of 18275725?
5
What is the units digit of 229487?
7
What is the ten thousands digit of 3097993?
9
What is the hundreds digit of 1022877?
8
What is the hundred thousands digit of 5451434?
4
What is the thousands digit of 91754?
1
What is the thousands digit of 212374?
2
What is the hundred thousands digit of 107688?
1
What is the tens digit of 275538?
3
What is the units digit of 33711?
1
What is the tens digit of 4113608?
0
What is the thousands digit of 11974?
1
What is the hundreds digit of 772191?
1
What is the hundred thousands digit of 256292?
2
What is the tens digit of 512040?
4
What is the hundreds digit of 6080636?
6
What is the hundred thousands digit of 3374179?
3
What is the units digit of 653138?
8
What is the units digit of 353787?
7
What is the tens digit of 13525436?
3
What is the units digit of 29094?
4
What is the hundreds digit of 310234?
2
What is the units digit of 607170?
0
What is the hundred thousands digit of 2461745?
4
What is the millions digit of 1416907?
1
What is the ten millions digit of 25993615?
2
What is the thousands digit of 136132?
6
What is the units digit of 402802?
2
What is the millions digit of 3458752?
3
What is the tens digit of 330874?
7
What is the thousands digit of 9451410?
1
What is the ten thousands digit of 10066457?
6
What is the tens digit of 1334090?
9
What is the tens digit of 25724?
2
What is the hundred thousands digit of 225801?
2
What is the units digit of 7320227?
7
What is the ten thousands digit of 25285992?
8
What is the units digit of 6657076?
6
What is the ten thousands digit of 1032023?
3
What is the hundred thousands digit of 3487420?
4
What is the hundred thousands digit of 215973?
2
What is the ten thousands digit of 624296?
2
What is the tens digit of 707949?
4
What is the hundreds digit of 253769?
7
What is the ten thousands digit of 2802846?
0
What is the hundred thousands digit of 278151?
2
What is the tens digit of 251090?
9
What is the hundreds digit of 959621?
6
What is the millions digit of 3429481?
3
What is the tens digit of 280890?
9
What is the thousands digit of 37689?
7
What is the units digit of 95132?
2
What is the ten thousands digit of 15096128?
9
What is the ten thousands digit of 8299469?
9
What is the hundreds digit of 2070234?
2
What is the hundred thousands digit of 190693?
1
What is the tens digit of 531635?
3
What is the hundred thousands digit of 712617?
7
What is the thousands digit of 832707?
2
What is the hundred thousands digit of 275669?
2
What is the ten thousands digit of 2292104?
9
What is the units digit of 352031?
1
What is the thousands digit of 3520943?
0
What is the hundreds digit of 16010192?
1
What is the millions digit of 2534857?
2
What is the units digit of 63450?
0
What is the hundreds digit of 10126508?
5
What is the hundred thousands digit of 5618994?
6
What is the tens digit of 1820166?
6
What is the units digit of 26700341?
1
What is the thousands digit of 61874?
1
What is the hundred thousands digit of 2287984?
2
What is the ten thousands digit of 8234192?
3
What is the hundreds digit of 537660?
6
What is the ten thousands digit of 1913975?
1
What is the thousands digit of 5264473?
4
What is the millions digit of 11220465?
1
What is the millions digit of 4212174?
4
What is the hundreds digit of 3949305?
3
What is the tens digit of 855355?
5
What is the tens digit of 1084666?
6
What is the hundreds digit of 1989388?
3
What is the millions digit of 4212378?
4
What is the tens digit of 261576?
7
What is the thousands digit of 3252174?
2
What is the thousands digit of 3954222?
4
What is the thousands digit of 312556?
2
What is the units digit of 3660938?
8
What is the thousands digit of 5183089?
3
What is the hundred thousands digit of 1248704?
2
What is the tens digit of 2092607?
0
What is the ten thousands digit of 226574?
2
What is the thousands digit of 223569?
3
What is the hundreds digit of 17835780?
7
What is the ten thousands digit of 222954?
2
What is the units digit of 45909?
9
What is the units digit of 155372?
2
What is the hundred thousands digit of 290073?
2
What is the ten thousands digit of 1110540?
1
What is the hundreds digit of 100719?
7
What is the hundreds digit of 233848?
8
What is the hundreds digit of 1758779?
7
What is the tens digit of 7170111?
1
What is the hundreds digit of 3081817?
8
What is the hundred thousands digit of 1519284?
5
What is the tens digit of 257517?
1
What is the units digit of 9955319?
9
What is the thousands digit of 62491?
2
What is the hundreds digit of 